e remainder when (-4)/(-6)*183/2*1 is divided by (-4)/(((-3)/8)/3)?
29
Let j(k) = 5*k**2 + 10 - 21*k + 11 - 4*k**2 - 9. What is the remainder when 38 is divided by j(0)?
2
What is the remainder when (32/80)/(((-14)/9070)/(-7)) is divided by 26?
20
Suppose o = -5*y + 1140, 5*y + 40*o - 1160 = 35*o. What is the remainder when y is divided by 165?
62
Suppose -2*u + 36 = -20. Suppose 75 = 81*a - 76*a, 3*v + 4*a = a + 363. What is the remainder when v is divided by u?
22
Suppose -114*u + 149*u = 4935. What is the remainder when u is divided by 8?
5
Let o = -244 - -245. What is the remainder when 87 is divided by (0 + o)/((-3)/(-93))?
25
Calculate the remainder when ((-1)/(-6))/(-1 + 0) - (-1657923)/2682 is divided by 78.
72
Suppose -7056 = -17*v + 1487 + 5312. Calculate the remainder when v is divided by 282.
251
Suppose -s - 106 = -114. Suppose 0 = -5*m + 20, 2*i + s*m = 11*m + 34. Suppose -2*g + 136 = -0*g. What is the remainder when g is divided by i?
22
Suppose -264 = 2*d + y - 346, -5*y + 122 = 2*d. Let l(o) = 2*o**2 - o + 7. Calculate the remainder when l(-6) is divided by d.
13
Suppose -a + 7 + 32 = 4*z, 0 = 2*a - 3*z - 23. Let c(l) = -l**3 - 10*l**2 - 19*l + 3. Calculate the remainder when c(-8) is divided by (a/(-1))/((-12)/4 - -2).
8
Let m(l) be the first derivative of 13*l**2/2 - 71*l + 23. What is the remainder when 34 is divided by m(7)?
14
Let w(u) = 47*u - 720. Calculate the remainder when 567 is divided by w(17).
14
Let n(m) = -2*m**2 - 48*m - 32. Let t be (-1)/7 - 6336/336. What is the remainder when n(t) is divided by 27?
23
Suppose 2*r - 17*j + 14*j - 26 = 0, -r - 5*j = 0. What is the remainder when 38 is divided by r?
8
Let r(o) = -2*o**3 - 21*o**2 - 8*o - 190. Suppose -1320 = -0*m - 5*m. Calculate the remainder when m is divided by r(-11).
17
Suppose -126 + 6 = -4*r + 4*y, r + 4*y = 40. What is the remainder when r is divided by 19?
13
Let v = -3 + 15. Suppose -19*w + 29*w - 320 = 0. What is the remainder when w is divided by v?
8
Suppose -3*g - 5*p = -7*g + 103, 2*g = -4*p + 32. Suppose 2*a - 131 = -0*a - x, x - 195 = -3*a. Calculate the remainder when a is divided by g.
20
Let t(x) be the first derivative of x**4/2 - 26*x**3/3 + 2*x**2 - 32*x + 205. What is the remainder when 95 is divided by t(13)?
15
Suppose 4*r = -51 + 223. Suppose -v = 3*k - 588, 4*v - 344 = -k + 2052. Calculate the remainder when v is divided by r.
41
Suppose 68 = f - 4*h, -h + 269 = f + 2*f. Suppose 4*w - 2*w - f = 0. Suppose -w = -4*b - v + 32, 3*v = 5*b - 78. Calculate the remainder when b is divided by 3.
0
What is the remainder when 1706 is divided by (116/464)/((-1)/(-1) + 2246/(-2248))?
20
Let d(c) = -5*c - 33. Let x = 3 - 17. Suppose 5*o = -a - 9 + 52, 0 = 4*o - a - 29. Calculate the remainder when d(x) is divided by o.
5
Let y(v) = v**3 + 6*v**2 - 36*v - 2. Calculate the remainder when 418 is divided by y(4).
12
Let c = 106 + -29. Let n = -71598 - -71675. Calculate the remainder when n is divided by c.
0
Let v = -17 - -22. Suppose 6*b - 285 = b - v*t, t = b - 59. Calculate the remainder when b is divided by (12 - (-12 + 25)) + 25.
10
Let r(x) = 5488*x**2 + 43*x + 3. What is the remainder when r(1) is divided by 123?
122
Let n(k) = k + 71. What is the remainder when n(20) is divided by (10 + -11)*(-22 - -3)?
15
Let y = -2345 + 2353. Suppose -29 - 25 = -2*w. What is the remainder when w is divided by y?
3
What is the remainder when 2074 is divided by 1425/21 - (-376)/329?
4
Let p be (-4 - ((-6)/(-9))/1)*3. Calculate the remainder when ((-24)/5)/(p/420) is divided by 29.
28
What is the remainder when 170/255 - 105628/(-12) is divided by 7?
4
Suppose y = -3*n + 3, -n + 3*n + 100 = 5*y. Suppose -1012*k = 86*k - 5490. Calculate the remainder when y is divided by k.
3
Let f = 103 - 99. Suppose 7*s - 255 = f*s. Let z = 111 - s. Calculate the remainder when z is divided by 6.
2
Let f(c) = -5*c**2 - 4*c - 38 + c**2 + 5*c**2. Let q(w) = -w**2 + 15*w + 21. Let g be q(17). Calculate the remainder when f(g) is divided by 37.
35
Let n = -5393 + 6325. Calculate the remainder when n is divided by 442.
48
Let m(d) = -d**3 + 14*d**2 + 32*d + 41. Calculate the remainder when 484 is divided by m(16).
33
Let r(b) = -77*b - 92. Calculate the remainder when r(-3) is divided by 12.
7
Suppose 4*f - 1761 = 4*t - 413, -5*t = 10. Suppose 5*z - 57*i + 61*i - 118 = 0, 0 = -4*z - 3*i + 95. Calculate the remainder when f is divided by z.
23
Let k = -234 - -262. Suppose -k = 1883*a - 1885*a. Calculate the remainder when 66 is divided by a.
10
Calculate the remainder when 29 is divided by (-18)/15 + 858/165.
1
Suppose 3*u - 297 = -3*h, 7*h - 389 = 3*h + 3*u. What is the remainder when 1180 is divided by h?
4
Let c(m) = 2*m**2 + 3*m + 9 - 2*m - 4. What is the remainder when c(5) is divided by 11?
5
Let o = 76 + -20. Let f = -43 + o. What is the remainder when 32 is divided by f?
6
Let b(f) = 501*f**3 + 11*f**2 + 11*f. Let v be b(-1). Let c = -476 - v. Let h = -7 - -22. What is the remainder when c is divided by h?
10
Suppose 60124 + 10426 = 83*k. What is the remainder when k is divided by 413?
24
Let f(g) = -3 - 2*g - 9 + 0 - 1. What is the remainder when f(-11) is divided by (52/39)/((-28)/(-12))*7?
1
Suppose -2*g - 4*z = -0*z - 274, -5*g = -4*z - 643. Suppose -2*u + 5*f + 71 = -g, f = -3*u + 337. What is the remainder when u is divided by 38?
35
Let x be (-2)/3 + 2 + (-4)/12. Let i(l) = -36*l - 3. Let r be i(x). Calculate the remainder when (0 - -12)/(r/(-338)) is divided by 36.
32
Suppose -4 + 1 = -5*c + 3*o, -4*o - 4 = 5*c. Suppose 2*v - 4*x - 26 = c, -v - 5*x = -3*v + 27. Calculate the remainder when 75 is divided by v.
9
Let b be (-3 + 1 - -3)/(2/166). Suppose z = -0*z - 54. Let c = z + b. Calculate the remainder when 57 is divided by c.
28
Let x(o) = 2*o + 1. Let j be x(2). Suppose -j*y - 70 = -3*k - y, 0 = -2*k - y + 43. Let b = -6570 + 6611. Calculate the remainder when b is divided by k.
19
Let s = 1579 + -1388. Calculate the remainder when s is divided by 52.
35
Suppose 0 = 2*s - 3*a + 81, 0 = 4*s - 5*a + 101 + 64. Calculate the remainder when 130 is divided by (-3 + 2 - 4)/(5/s).
40
Let y(c) = -13*c**3 + 2*c**2 + 3*c. Let w be y(-1). Suppose -w = 3*n, -37*r + 2*n = -38*r + 27. What is the remainder when r is divided by 9?
8
Let r = -5159 - -5725. Calculate the remainder when r is divided by 40.
6
Let p(x) = -2*x**2 - 126*x - 537. What is the remainder when p(-17) is divided by 7?
5
Suppose 348 = 4*v + 3*z, -2*v + 13*z + 160 = 18*z. What is the remainder when 263 is divided by 3*6*55/v?
10
Suppose -5*z - 5*f = -6*f - 222, 2*f = 6. Let k = -730 - -736. Calculate the remainder when z is divided by k.
3
Let o be (21/84)/(1/(-6))*-4. Suppose o*l - 25 = 5. Suppose 4*c - 12 - 12 = 0. What is the remainder when c is divided by l?
1
Let x = 41 + -61. Suppose 4*h = -l + 331, -13*h = -9*h - 2*l - 334. Let q = x + h. Calculate the remainder when q is divided by 11.
8
Suppose -3*o - 43 = -31, -3*l - 3*o = -3702. What is the remainder when l is divided by 54?
50
Let s(q) = -q + 0*q - 131 + 126. Let f be 48/9*-3*1. Calculate the remainder when 25 is divided by s(f).
3
Suppose 541*t + 17510 = 54839. Let k(h) = h**2 + 5*h + 4. Calculate the remainder when t is divided by k(5).
15
What is the remainder when (-6)/(-6) + 3388 + (-14 - -9) is divided by 3?
0
Calculate the remainder when (-8)/16 + (-2190)/20*-17 - -6 is divided by 157.
140
Let n(c) = -2*c**2 + 28*c - 25. Let i be n(13). Suppose 3*b - 19 = -2*s, 4*s = 3*b + i + 10. Calculate the remainder when 8 is divided by s.
3
Suppose 0 = -11*p + 3 + 63. Suppose -p*f + 9*f = -612. Calculate the remainder when 65 is divided by 3 - (f/28 + 2/7).
5
Let g(v) = -2736*v - 1975. Calculate the remainder when g(-1) is divided by 237.
50
Suppose s = u - 12, -5*u = s - 3*s - 30. Let y(c) = c**3 + 9*c**2 - 14*c - 17. Calculate the remainder when 64 is divided by y(s).
18
Suppose -18 = 5*s - 238. Let g be (13 - -2)*(-10)/(-25). Suppose 3*d = -2*i + g, 3*i - d = 16 + 15. Calculate the remainder when s is divided by i.
8
Let b be (-4)/(16/(-580)) + -4. Let s = b - 47. Suppose 5*m + d = -d + s, -3*d = 3*m - 60. Calculate the remainder when 51 is divided by m.
15
Let r = 749 + -752. Calculate the remainder when (-340)/r*78/52 is divided by 57.
56
Su